be j(-7). What is p(z)?
12
Let x(w) = 2*w + 22. Let p be ((-6)/3 - -1)*9. Let u be x(p). Let l(y) = -2*y - 6 - 4*y**2 + 3 - 2*y + y**3 + 0*y. Calculate l(u).
-19
Let l(t) be the first derivative of t**4/4 - 2*t**3 - 3*t**2/2 + 3*t - 348. What is l(7)?
31
Let b(m) = -13*m**3 + 4*m**2 - 3 - m**2 + 6*m**2 + 14*m**3 + 7*m. Let r = -559 - -551. Determine b(r).
5
Let y(j) = 5*j + 42. Let z(t) = 6*t + 50. Let l(k) = 7*y(k) - 6*z(k). What is l(13)?
-19
Let m(a) = -17*a**3 + a**2 - 40*a - 2. Let f(r) = -52*r**3 + r**2 - 144*r - 7. Let g(p) = -2*f(p) + 7*m(p). What is g(-2)?
124
Let h(n) = 2*n + 4. Let k(d) = 12*d**2 + 108*d - 5. Let y be k(-9). Calculate h(y).
-6
Let p(m) = 4*m**3 - m**2 - 4*m + 1. Let x(s) = -11*s**3 - 2*s**2 + 3*s + 9. Let f(y) = 3*p(y) + x(y). Give f(6).
-6
Suppose -4*n - 3*m = 84, n + 7*m - 11*m = -40. Let t(u) = u**3 + 25*u**2 + 25*u + 45. What is t(n)?
21
Let v(c) = c**3 - 269 + 322 + 3*c**2 - 55 - 5*c. What is v(-6)?
-80
Let k(n) = 3 + 6*n**2 - 2*n - 8*n**3 - 14*n**3 - 3*n + 21*n**3. Suppose -23 = 3*y - 14. Let m be -5*4/12*y. Give k(m).
3
Let g(v) = 5*v - 1. Suppose 8*o - 7 = 9*o. Let m be g(o). Let x be ((-27)/m)/((-9)/(-24)). Let f(d) = 2*d**2 - d - 2. Determine f(x).
4
Let b(d) = -d**3 - 3*d**2 - d + 4. Let h(m) = 2*m**3 + 6*m**2 + 2*m - 8. Let w(f) = 13*b(f) + 6*h(f). Let s be 150/162*-3 + 13/(702/(-12)). Calculate w(s).
7
Let w(p) be the second derivative of p**6/120 + 7*p**5/60 + p**4/4 + p**3 - 8*p**2 + 27*p + 4. Let u(z) be the first derivative of w(z). Determine u(-6).
6
Let c(t) = 15*t + 138. Let y be c(-8). Let v be (-5 - 54/(-10)) + y/5. Let f(g) = -g + 9. Determine f(v).
5
Let p = -18037 + 18019. Let n(s) = -s**2 - 19*s - 18. Determine n(p).
0
Let d(y) = -35 - 2*y**2 - 14*y + 7*y**2 + 41 - 5*y**2 - y**2. What is d(-13)?
19
Let k(z) = -z**3 - 4*z**2 + 8*z + 5. Let i(y) = y**3 + 15*y**2 - 266*y - 3801. Let f be i(-13). Determine k(f).
-10
Let n(b) = -16*b - 9. Suppose 39*k + 0*k + 1014 = -130*k. What is n(k)?
87
Let n(v) = v - 1. Let u(s) = 37 - 79 + 48 + 3*s. Let z be u(-4). Determine n(z).
-7
Let p(c) be the third derivative of -c**6/120 + 3*c**5/20 - c**4/3 + c**3 - 35*c**2. Let y be p(8). Let m(q) = 9 - 4*q - q**3 - 2 + 0*q**3 + 6*q**2. Give m(y).
-17
Let o = -5 - 2. Let p(n) = 0 - 3*n - n**3 - 2 - 19*n**2 + 39*n**2 - 1 - 27*n**2 + 1. Calculate p(o).
19
Let q(r) = 11 - 4*r - 4 - 8*r**2 + r**3 - 7*r. Let x = 43036 - 43027. Determine q(x).
-11
Let j(d) = 2*d - 2. Suppose 4*k - 57 = 5*o, -30*k = -25*k - o - 45. Determine j(k).
14
Let i = 85 + -73. Let t be (-5 - 1)/i*14. Let b(k) = k**2 + 7*k + 4. Give b(t).
4
Suppose -5*z - 18 = 2*r, -2*z = -z - r + 5. Let w(y) be the third derivative of y**6/120 + y**5/15 + 5*y**4/24 + y**3/3 + y**2 + 10*y + 647. Determine w(z).
-18
Let a = -14943 + 14946. Let k(q) = -6*q**3 + 5*q**2 - 2*q - 2. Calculate k(a).
-125
Let h(g) = -127*g - 128 + 135*g + 198. Determine h(-9).
-2
Suppose -4*a - 16 = 4. Let p(v) = 83*v - 16. Let n(y) = 73*y - 14. Let d(w) = 9*n(w) - 8*p(w). Give d(a).
37
Let p be -3 - (9*-14)/3. Suppose 0 = -z + n + 59 - 21, -3*z + 5*n + 108 = 0. Let y = p - z. Let q(i) = -2*i**3 - 4*i**2 - 2*i. Calculate q(y).
4
Let j(l) = -3*l - 21. Suppose 41*u + 854 = -81*u. Calculate j(u).
0
Let j = -1 - -1. Let c(v) = j*v + 0*v - v + v**2 + 2. Suppose -49*q + 51*q = 5*f, -3*f + 2*q - 4 = 0. Calculate c(f).
4
Suppose -4*l - g - 187 = 0, 2*g = -5*l - 0*g - 230. Let i = l - -51. Let p be (i/(-18))/(2/(-9 + -3)). Let a(u) = 8*u**3 + u - 1. Calculate a(p).
8
Let j(g) = 7*g**2 - g + 1. Let v(l) = 5*l + 47. Let c be v(-9). Suppose -5*d + c*b + 9 = 0, 5*d - b = 3*b + 13. What is j(d)?
7
Let b(o) = -10*o**2 - 9*o - 292. Let k(i) = 3*i**2 - i + 97. Let c(z) = -2*b(z) - 7*k(z). Determine c(22).
-29
Let r be -2*((-6)/(-4))/(-1). Suppose 22 = -r*a + 31. Let x(p) = 2 - 4*p + 3 - a + 1 - p**2. Calculate x(-4).
3
Let d(w) = -5*w + 1. Let r = -160 + 159. Let g(x) = x + 1. Let j(z) = r*d(z) - 4*g(z). Determine j(-5).
-10
Let s(a) be the second derivative of -9*a - 5/2*a**2 - 1/6*a**3 + 11. Calculate s(-6).
1
Let h(f) = f**3 - 7*f**2 + 11*f - 8. Let z(d) = d**2 - 2*d - 2. Let s(w) = -h(w) + 3*z(w). Calculate s(5).
42
Let g(c) = -13*c**3 + 34*c**2 - 35*c - 139. Let t(w) = 9*w**3 - 35*w**2 + 34*w + 139. Let k(f) = -2*g(f) - 3*t(f). Determine k(36).
5
Let x = -4008 - -4016. Let f(a) = -a**2 - 22*a + 236. Determine f(x).
-4
Let f(q) = 6*q - 2*q + 57 - 43 + 8*q - 4*q. Calculate f(-5).
-26
Let y(r) = -24285*r + 48562*r - 24288*r + 17. Determine y(1).
6
Suppose 3*x - 12 = 2*u - 6*u, x = 2*u - 6. Let t = -4 + u. Let v(h) = 3*h**2 - 1. Determine v(t).
2
Let u(x) = x - 5*x - 4 - 3*x**2 + x**2 + 3*x**2. Suppose -4*l + j + 376 = -3*j, 0 = 2*l + 4*j - 188. Suppose 0 = -100*p + l*p + 18. Give u(p).
-7
Let p(i) = -3*i**2 + 2*i. Let h(s) = 4*s**2 - 2*s. Let y(g) = 2*h(g) + 3*p(g). Let x be (16/10)/((-26)/(-65)). Give y(x).
-8
Let h be ((252/(-27))/(-7))/((-2)/(-3)). Let s(u) = -5 + 5*u**2 + 8*u - 59*u**3 + 2*u**h + 58*u**3 + 1. Let z(y) = y + 2. Let o be z(6). Give s(o).
-4
Let l(v) = 3*v**2 - 3157 + 2*v + 0*v**2 - 2*v**2 + 3150. Determine l(2).
1
Let u(a) = a**2 - 24*a + 1. Let w(y) = 2*y + 1. Let f(s) = u(s) + 6*w(s). Let m be (-2)/(-5) + (-212)/(-20). What is f(m)?
-4
Let d(n) be the first derivative of -5*n**2 - 8*n + 2. Let p(f) = -65*f + 34*f + 32*f + 1. Let x(v) = -d(v) - 12*p(v). Give x(-5).
6
Let x be ((-1020)/(-16) - -4)/(1/12). Let k(b) = 9 - x*b**3 + b - 13*b**2 + 272*b**3 + 271*b**3 + 269*b**3. Calculate k(-13).
-4
Let i(m) = 4. Let p = 135 - 134. Let r(a) = a + 2. Let o(f) = p*i(f) - 5*r(f). Calculate o(-4).
14
Let b(k) = k**3 + 6*k**2 + 7*k + 7. Suppose 3*c = -2*c - z - 211, 4*z - 59 = c. Let h(x) = -14*x + 4. Let g be h(3). Let m = c - g. What is b(m)?
-3
Suppose -28 = 2*x - 3*c, c = x + 5*c - 52. Suppose 5*g - 2*l = 2, g + 0*g - 2*l - 2 = 0. Let w(m) = -2 + g*m - 2*m + m. Give w(x).
-6
Let t(d) = d**3 + 16*d**2 - 5. Suppose -102*w + 14*w = 1408. Calculate t(w).
-5
Let z(m) = -12*m + 19. Let u(v) = -4*v. Let a(n) = 7*u(n) - 2*z(n). Determine a(-11).
6
Let y(w) = 59*w + 38*w - 72 + 57*w - 16*w - 616. What is y(5)?
2
Let u(k) = 68*k + 2576. Let z be u(-38). Let s(r) = r**3 + 7*r**2 - 9*r - 8. What is s(z)?
0
Let x = -53 - -54. Suppose -4*c + 21 = x. Suppose -16 + 16 = c*y. Let z(n) = n**2 + 2. Determine z(y).
2
Let f(y) = -2 - 8*y + 0 + 15 - 20. Calculate f(0).
-7
Let u = -7583 + 7557. Let i(r) = -10*r - 263. Determine i(u).
-3
Let h be 0/((8 - 122)/(-19)). Let l(q) = 3*q + 3. Let i(g) = -g - 1. Let t(n) = 7*n + 6. Let m(y) = 6*i(y) + t(y). Let s(f) = l(f) - 2*m(f). Give s(h).
3
Let o(f) = -2*f**2 - 4*f - 4. Let x(w) = -5*w - 118. Let t be ((-92)/(-6))/(38/(-57)). Let d be x(t). Determine o(d).
-10
Let g(t) = -18*t**2 - 2. Let v be 8 + 23/(115/(-45)). Determine g(v).
-20
Let i(y) be the third derivative of -y**5/60 - y**4/12 + 5*y**3/6 + 11*y**2. Let x(h) = h + 23. Let o be x(-7). Let m = -20 + o. Determine i(m).
-3
Let q(u) be the third derivative of u**6/60 + u**5/30 - u**4/8 - 13*u**3/6 + u**2 + 5*u + 106. What is q(0)?
-13
Let f(a) = 1246*a + 1235*a + 15 - 2497*a. Let w(q) = -9*q + 8. Let y(b) = 4*f(b) - 7*w(b). Give y(4).
0
Let r(c) = 10*c**2 - 75*c + 38. Let l(a) = 6*a**2 - 48*a + 25. Let q(p) = 8*l(p) - 5*r(p). What is q(-6)?
-8
Let i(x) = 4*x - 8 + 12 + 0 - 3 - 8. Determine i(4).
9
Suppose 2*l - 3 = -2*h - 9, -4*h + 4*l + 20 = 0. Let i(j) = -j**2 - 2*j - 1. Let f(n) = 1. Let c(r) = h*i(r) + 4*f(r). Give c(-3).
0
Let g(u) be the third derivative of 7*u**4/24 + 4*u**3 - 1024*u**2. Give g(-5).
-11
Let z(j) be the third derivative of j**5/30 + 3*j**4/8 + 21*j**2 - 27. Determine z(-5).
5
Suppose -5*k - 20 = 0, 2*z + k = -3*k - 18. Let w(v) = -v + 2. Let p(d) = -3*d + 9. Let q(r) = z*p(r) + 2*w(r). What is q(5)?
0
Let l(v) = -v**3 + 23*v**2 + 5*v - 119. Let r(w) = -w**2 + 27*w - 49. Let b be r(24). Determine l(b).
-4
Let t(u) = u**2 - 9*u + 10. Let f be (193 - 6) + 5 + 3. Let r = -187 + f. Determine t(r).
2
Let m(y) = 5*y - 3. Let x = 381 - 771. Let w = 396 + x. What is m(w)?
27
Let y(x) = -10*x - x**2 - x**3 + 60364 - 2*x**2 - 60374 + 15*x**2. What is y(10)?
90
Let j(s) = -s**3 - 9*s**2 - 9*s - 17. Let u = -14752 - -14745. Calculate j(u).
-52
Let g(a) be the third derivative of -17/6*a**3 + 13/6